42?
6
What is the greatest common factor of 2803740 and 3?
3
What is the highest common factor of 143 and 10152311?
13
Calculate the greatest common divisor of 1604594211 and 66.
33
What is the highest common factor of 920 and 1276820?
20
Calculate the greatest common divisor of 145 and 6354219.
29
What is the greatest common factor of 217963 and 63013?
1033
Calculate the greatest common divisor of 35163 and 361089.
9
What is the greatest common divisor of 424 and 7367954?
106
Calculate the greatest common divisor of 10564 and 12048242.
5282
What is the greatest common divisor of 65149 and 4477802?
1589
Calculate the greatest common divisor of 284 and 4925912.
4
Calculate the greatest common divisor of 4212309 and 262875.
2103
Calculate the greatest common factor of 17174270 and 94.
94
Calculate the highest common factor of 6663235 and 15235.
1385
Calculate the greatest common factor of 1770 and 11964138.
354
What is the greatest common factor of 183080 and 71441?
199
Calculate the greatest common divisor of 6401365 and 327565.
955
Calculate the greatest common factor of 232 and 213424.
8
What is the highest common divisor of 282824 and 1024?
8
What is the highest common factor of 196884549 and 747?
747
Calculate the highest common divisor of 88418029 and 534.
89
Calculate the highest common divisor of 14370697 and 38099.
1229
Calculate the greatest common divisor of 1107920 and 6125035.
6295
What is the greatest common divisor of 110 and 1154310?
10
Calculate the greatest common divisor of 660 and 19701880.
220
What is the greatest common factor of 2082 and 402915927?
1041
Calculate the highest common factor of 424782 and 6.
6
Calculate the greatest common divisor of 341130 and 2730.
30
What is the highest common divisor of 3300992 and 5661?
629
Calculate the highest common divisor of 656282 and 2852.
46
Calculate the highest common factor of 1177365 and 25410.
105
Calculate the highest common divisor of 55 and 583854205.
55
Calculate the highest common divisor of 526110 and 31098.
426
Calculate the highest common divisor of 728 and 8801156.
364
Calculate the highest common factor of 306072 and 2732184.
2808
What is the greatest common factor of 558 and 3908358?
18
What is the highest common divisor of 62407 and 17?
17
What is the highest common factor of 41312 and 1935456?
32
What is the highest common divisor of 8 and 1292536?
8
Calculate the highest common factor of 23235 and 88620.
15
Calculate the greatest common divisor of 34890815 and 755.
755
What is the highest common divisor of 14652 and 22041492?
4884
What is the highest common factor of 781158 and 42?
42
What is the greatest common divisor of 1544312 and 143704?
2024
Calculate the highest common divisor of 21190 and 1374253.
163
What is the greatest common factor of 143938071 and 28428?
7107
Calculate the greatest common factor of 108304872 and 1716.
156
What is the greatest common divisor of 2661707 and 2117?
29
What is the highest common factor of 1600749 and 1035?
9
What is the highest common divisor of 46229877 and 81?
9
What is the highest common divisor of 282 and 8071216?
94
Calculate the greatest common factor of 219352644 and 50274.
7182
Calculate the greatest common factor of 498 and 64797270.
498
Calculate the greatest common factor of 12148486 and 25942.
1526
Calculate the highest common divisor of 1441 and 37609838.
131
What is the highest common factor of 119 and 12682?
17
What is the highest common divisor of 3091 and 74063?
11
Calculate the greatest common factor of 150 and 78741375.
75
What is the highest common factor of 34191 and 42968?
131
Calculate the highest common factor of 4730525 and 260775.
475
What is the greatest common divisor of 4903115 and 11501?
217
What is the highest common divisor of 913389 and 510673?
1213
What is the greatest common factor of 71756874 and 24?
6
What is the highest common divisor of 9750 and 2548974?
6
What is the greatest common factor of 288 and 20335572?
36
What is the highest common divisor of 9315315 and 1164981?
4533
What is the greatest common divisor of 42250 and 590148?
338
Calculate the highest common divisor of 1065 and 1367318.
71
Calculate the greatest common divisor of 1881265 and 33485.
185
What is the greatest common divisor of 58487 and 4156667?
409
Calculate the highest common factor of 481391 and 27787.
751
Calculate the greatest common divisor of 1943410 and 49770.
70
What is the greatest common factor of 255 and 9921015?
15
Calculate the greatest common factor of 5696 and 292.
4
Calculate the highest common divisor of 139168 and 31488.
32
Calculate the greatest common factor of 153947052 and 129.
129
Calculate the highest common factor of 140483908 and 2944.
92
Calculate the greatest common divisor of 59125 and 1705.
55
Calculate the greatest common divisor of 1120 and 32220160.
1120
What is the greatest common divisor of 12022614 and 72762?
402
What is the highest common divisor of 18521268 and 2190?
438
Calculate the highest common factor of 451339 and 7852.
151
What is the highest common factor of 268481739 and 261?
87
What is the greatest common divisor of 8892976 and 848?
848
What is the highest common factor of 5081088 and 244992?
768
What is the highest common factor of 508530 and 320260?
670
Calculate the greatest common factor of 33 and 2799609681.
33
What is the greatest common divisor of 22667192 and 1310?
262
Calculate the greatest common divisor of 521274 and 20864.
326
Calculate the highest common divisor of 2618 and 7404418.
238
Calculate the greatest common divisor of 118678821 and 5268.
1317
What is the highest common factor of 80 and 153004160?
80
Calculate the greatest common divisor of 1096839 and 66411.
423
Calculate the highest common factor of 5851964 and 37099.
1613
Calculate the highest common divisor of 3815438 and 506.
22
Calculate the highest common divisor of 5441587 and 151.
151
What is the highest common divisor of 812 and 389309746?
406
What is the highest common divisor of 15495634 and 42?
14
What is the highest common factor of 728 and 9223032?
728
Calculate the highest common factor of 34 and 7816447.
17
What is the greatest common divisor of 567850021 and 103?
103
What is the highest common factor of 2848 and 74288?
16
Calculate the greatest common factor of 5316 and 56678749.
443
Calculate the greatest common divisor of 91 and 6858839.
13
What is the greatest common divisor of 3465 and 1729980?
315
Calculate the greatest common divisor of 331 and 132953101.
331
Calculate the highest common divisor of 13203620 and 160.
20
Calculate the greatest common factor of 19929 and 262353.
273
Calculate the greatest common divisor of 1236 and 74599398.
618
What is the greatest common divisor of 159050364 and 55?
11
What is the greatest common divisor of 446384 and 6135354?
2426
What is the highest common factor of 1961832 and 6837?
129
Calculate the greatest common divisor of 277492 and 29237.
173
Calculate the greatest common divisor of 40800900 and 8400.
2100
Calculate the highest common divisor of 4926 and 20479845.
2463
What is the highest common factor of 55281230 and 30506?
4358
What is the highest common divisor of 784701 and 477?
9
Calculate the greatest common divisor of 403504 and 20432.
16
What is the highest common divisor of 153 and 108952201?
17
What is the greatest common factor of 1019 and 52128983?
1019
Calculate the highest common divisor of 1682087 and 5170.
11
What is the highest common factor of 1506 and 247893624?
1506
What is the highest common factor of 2862936 and 72?
72
Calculate the highest common factor of 798 and 495843.
57
Calculate the highest common factor of 812 and 3427312.
28
Calculate the greatest common divisor of 27738 and 27973359.
207
Calculate the highest common divisor of 979253 and 28193.
121
What is the highest common divisor of 6021 and 3981219?
669
Calculate the greatest common factor of 11 and 596337841.
11
What is the highest common factor of 2973 and 30714?
3
What is the highest common factor of 519320 and 32280?
40
What is the greatest common divisor of 376 and 4900878?
94
Calculate the highest common divisor of 969441 and 224895.
957
Calculate the greatest common factor of 5575 and 16131575.
25
What is the highest common diviso